rivative of -13*c**4/4 + c - 1. Let v = -11 - -15. Suppose -4*h + 0*j = j + 5, -2*j = 2*h + v. Give t(h).
14
Let n(v) = -3*v + 11. Suppose r + l = 7, 4*r - 37 = -5*l - 7. Determine n(r).
-4
Let n(c) = 4*c**3 - 35*c**2 - 8*c + 18. Let a(h) = -3*h**3 + 24*h**2 + 5*h - 12. Let d(v) = -7*a(v) - 5*n(v). What is d(-5)?
19
Let i = -1217 - -1215. Let p(x) = -9*x - 7. Calculate p(i).
11
Let h(q) = 27*q**2 - 16*q - 9. Let m(d) = -74*d**2 + 47*d + 26. Let t(o) = 11*h(o) + 4*m(o). What is t(-8)?
-27
Let z(t) be the third derivative of t**5/60 - t**4/8 + t**3/2 + 154*t**2. Calculate z(2).
1
Suppose 0*x - 5*p - 7 = -x, -x + 2*p + 7 = 0. Suppose 7*i - 6*i = -x. Let z(o) = o**2 + 9*o + 3. Determine z(i).
-11
Suppose -2*r + 2*w + 19 = 5*w, -4*w + 22 = 2*r. Let i(h) = -h**3 - 11*h + 12. Let s(u) = -u**3 - u**2 - 13*u + 13. Let q(j) = 6*i(j) - 5*s(j). Calculate q(r).
2
Let a(o) = -o**2 - 4*o + 2. Suppose 0 = -6*q - 52 + 4. Let n be (-1 - 23)/(12/q). Let l be (n/(-6))/((-18)/(-27)). Calculate a(l).
2
Let l(r) = r**3 + 9*r**2 - 21*r**2 + 12*r**2 + r. Suppose 3 = 4*c + 7. What is l(c)?
-2
Let s be ((-5)/(-2))/(19/114). Suppose 12*t - s*t = 0. Let z(c) = c**2 + c - 14. Determine z(t).
-14
Suppose -2*c - 3 - 1 = 0, 175 = 5*b + 5*c. Let f = -33 + b. Let n(p) = -p**2 + 5*p + 1. Give n(f).
5
Let l(j) = 2*j + 4. Let z = 121 + -56. Suppose -5*p + s = -4*s + z, s = -3. Let n be 1/((-60)/p + -4). Give l(n).
-4
Let m(u) = 3*u - 3. Let f be (-21)/189 - (-19)/9. What is m(f)?
3
Let w(t) = -2*t**2 + 12*t - 4. Let o be w(6). Let s(k) = 6*k + 17. Determine s(o).
-7
Let s(m) = 7*m**2 - 3*m + 3. Suppose -9 = 3*j - 3*i, 0 = -5*j + 3*i - 6 + 1. Give s(j).
25
Let m(f) = -f**3 + 2. Suppose -2*g = -3*u - 5, 59*u - 61*u - 5*g = 16. What is m(u)?
29
Let y(r) = 2 - 5 - 1 + 4*r - 2. Let g be (-7)/(-1) - (-1 + 2). Calculate y(g).
18
Let w(r) = r - 3. Suppose 5*d + 4*j + 26 = 7, 4*d + 16 = -4*j. Let a be d*((-20)/6 + 2). Let v be (-4 - -2)*a/(-2). Give w(v).
1
Let q(x) = 16*x + 0*x**3 - x**3 + 3*x - 2*x**2 - 22*x - 2. Determine q(-2).
4
Let r(o) = -o + o - 2*o + o**2 + 3*o - 5*o**3 - 1. Let b = 0 + 16. Suppose b = 4*u + 3*n, 0 = -2*u - n - 0*n + 6. What is r(u)?
-4
Let x(t) = -t**3 + t**2 - 3*t + 3. Suppose 2*n + 2*n = -20. Let s be ((-8)/(-10))/(n/(75/(-6))). Give x(s).
-7
Let n(o) be the third derivative of -o**5/60 + o**4/6 + 2*o**3/3 - 2*o**2. Let j be (56/20 - 4)/(6/(-30)). Give n(j).
-8
Let f(q) be the second derivative of -q**8/1344 + q**7/1260 - q**5/120 - 11*q**4/12 + 15*q. Let l(i) be the third derivative of f(i). Determine l(1).
-4
Let c(h) = h - 7 - 5*h + 5*h - 9*h - 3*h. Let z(t) = -17*t - 11. Let u = 8 + 0. Let s(v) = u*c(v) - 5*z(v). What is s(3)?
-10
Let m(c) = -c + 8. Let r(h) = -h + 8*h - 8*h**2 - 7 + h + 6 + h**3. Let d be r(7). Determine m(d).
2
Let l(y) = y + 1. Let k = 29 - 13. Suppose -2*p - 3*q + 2 = -3, 3*p - 4*q = k. Determine l(p).
5
Suppose -3*s + 25 = 5*z, 4*z - 9 = -4*s + 11. Suppose -20 = -z*l + l. Suppose -2*q = l*g + 15, 3*q + 10 = g - 4. Let t(f) = f - 6. Determine t(q).
-11
Let o(a) = -a**3 + 3*a**2 + 5*a + 2. Let s be 12/(-3)*6/24*-4. What is o(s)?
6
Let q = -43 - -28. Let y = -5 - q. Suppose 4*m - y = -2*u, 8 = -3*u - 2*u + m. Let l(h) = -9*h**2. What is l(u)?
-9
Suppose 3*m + 0*b = 4*b + 12, m = -3*b + 4. Let h(s) be the first derivative of -s**2 + 3*s + 31. Give h(m).
-5
Let z(j) be the third derivative of -j**5/20 + 2*j**3/3 - 302*j**2. Give z(0).
4
Suppose 0 = h - c + 3, -5*h + 4 = -c - 1. Let w(i) = -2*i - 3 + h*i + i. Suppose -33*d = -32*d + 6. What is w(d)?
-9
Suppose 0 = c - 3*c + 6. Let o(x) = 6*x - 19. Let h(w) = -3*w + 10. Let l = 72 - 66. Let t(i) = l*o(i) + 11*h(i). Calculate t(c).
5
Let c(z) = -z**2 - 5*z + 10. Let f be (3 + (-7)/3)*18. Let v be -1 + -3 + f/(-4). Determine c(v).
-4
Let f be -2 + ((-315)/(-84) - (-6)/(-8)). Let d(g) = 4*g + 1. Calculate d(f).
5
Let j be (4/10)/((-2)/(-10)). Let n(x) = -2*x**3 - 4*x**2 + 3*x**3 - 4*x**2 + 5*x + 1 + x**j. Determine n(6).
-5
Suppose -q + 10 = 4*q. Let i(m) = 3*m + m**3 + 2*m - 10*m**2 + 1 - 5 + 3*m**q. What is i(6)?
-10
Let d(u) = u + 4. Suppose -3*l = 4*m + 1 + 10, -4*m + 5*l = 3. Give d(m).
2
Let v(h) = -2*h**3 + 3*h**2 - h + 1. Let l be v(2). Let g be l/(-2)*(-8)/(-10). Let j(d) = -33. Let f(n) = n - 84. Let c(k) = -2*f(k) + 5*j(k). Determine c(g).
-1
Let y(s) be the third derivative of -s**4/8 - s**3/6 - 2*s**2. Suppose 0 = 3*r - 7 + 1. Let t(l) = -13*l - 4. Let p(u) = r*t(u) - 9*y(u). What is p(-2)?
-1
Let t(q) = 11*q. Let m = 2 - -16. Let j be 27/m + (-1)/2. Determine t(j).
11
Let u(k) = -k**2 - 5*k + 7. Let p(o) = o**3 - 14*o**2 - 2*o + 21. Let c be p(14). Calculate u(c).
-7
Let b(r) = -r**3 + 7*r**2 - 9*r + 5. Let x(a) = a**2 + 12*a. Let k be x(-7). Let s = k - -41. What is b(s)?
-13
Let v(w) = -5*w**2 + 3*w - 3. Let u be (62/(-6))/((-6)/18). Let b = 33 - u. Determine v(b).
-17
Let h be (-1 - 6/(-2))/(2/(-7)). Let z(x) = -x**2 - 5*x + 4. Give z(h).
-10
Let u(f) be the third derivative of f**6/120 - f**4/6 + 2*f**3/3 + 23*f**2 - 3*f. Give u(2).
4
Let u(y) = -y**3 - 14*y**2 - 14*y + 1. Let z be u(-13). Let b be (z/(-8) + 1)*4/(-3). Let f(r) be the third derivative of 7*r**4/12 - r**2. Determine f(b).
14
Let i(v) = v + 3 + 0 + 1 - 2. Let h = -3 + -6. Let o be (-2)/(6/h) + 2. What is i(o)?
7
Let g(n) = 700*n - 346*n - 353*n + 10. Give g(10).
20
Let g = 44 - 38. Let f(p) = 13 - g + p - 11. Determine f(4).
0
Suppose -104 = 31*c + 51. Let p(q) = -2*q**2 + 3*q + 1. Give p(c).
-64
Let a(y) = -y**3 + 9*y**2 - 11*y + 1. Let n(c) = c**3 - 10*c**2 + 14*c. Let l(o) = -6*a(o) - 5*n(o). Calculate l(5).
-1
Let j = 78 - 84. Let f(k) = -k**3 - 5*k**2 + 7*k + 7. Give f(j).
1
Let d(i) = -i**3 - 6*i**2 - 4*i + 1. Let j = 35 + -21. Suppose -1 - j = 3*o. Determine d(o).
-4
Let l be (4 - (1 - 0))*1. Suppose -l*v - 3*v = -24. Let a(n) = -n**3 + 3*n**2 + 2*n - 3. What is a(v)?
-11
Let r(t) = 2 - t**2 - 5 - 3*t + 2 + 0. Give r(-4).
-5
Let d be (-19)/(((-4)/3)/(48/(-36))). Let g(v) = v**2 + 18*v - 17. Calculate g(d).
2
Let c be 2*(2 + 3/(-6)). Let y(t) be the second derivative of t**4/12 - t**3/6 + t**2 - 4*t. Determine y(c).
8
Let a(f) = -f**2 + 7*f + 12. Let y = 112 - 109. Suppose 0 = y*j + 3*n - 18, 0 = j - 2*j + 4*n + 21. What is a(j)?
-6
Let u(j) = -2*j + 2. Let m(x) = 7*x - 10. Let i(n) = m(n) + 4*u(n). Determine i(8).
-10
Suppose 3*u + a = 8*u + 25, 5*a - 10 = 2*u. Let z(b) = b**3 + 7*b**2 + 7*b + 5. What is z(u)?
20
Suppose -6*k + k = l + 17, -k + 4*l - 16 = 0. Suppose -4*r + 20 = 4*x, -4*x + 0*r = -3*r + 1. Let v(b) = x*b + 4 - 5 + 5 - b. Determine v(k).
0
Let f(a) = a**3 - 8*a**2 + 8*a - 4. Let l be f(7). Suppose 1 - 22 = -l*g. Let w(v) = v**3 - 6*v**2 - 6*v - 7. Determine w(g).
0
Let n(i) be the second derivative of -i**4/2 - i**2/2 - 3*i - 22. Let s = -17 - -18. Calculate n(s).
-7
Let j(v) be the first derivative of -4*v**3/3 - 13*v**2/2 + v - 42. Let p(q) = 3*q**2 + 12*q - 1. Let m(l) = -2*j(l) - 3*p(l). Give m(-9).
10
Let u(v) = v**2 - 27*v - 57. Let f be u(29). Let x(g) = 2*g - 2. Determine x(f).
0
Let b(t) be the first derivative of -t**4/4 + 10*t**3/3 - 4*t**2 - 2. Let o(g) = g**2 - g. Let h(z) = b(z) - o(z). What is h(8)?
8
Let r(a) = -5*a**3 - a**2 - 2*a. Let z(h) = -8*h**2 - 118*h + 29. Let x be z(-15). Determine r(x).
6
Suppose -3*l - 1044 = -1053. Let t(x) = x**2 - 4*x + 5. What is t(l)?
2
Let z(b) be the second derivative of b**5/20 - b**4/6 + b**3/6 - 25*b + 1. Let a = -17 - -19. Give z(a).
2
Let l(p) = p**3 + 21*p**2 + 33*p - 91. Let z be l(-19). Let i(g) = 8*g - 8. Determine i(z).
24
Let j(t) be the second derivative of t**4/12 - 7*t**3/6 + 3*t**2 - t. Let y = -3868 - -3875. Determine j(y).
6
Let k(i) = -2*i - 9. Suppose -5*w + 1 = 3*x, 7 = -2*x - x - w. Calculate k(x).
-3
Let j(w) be the second derivative of -w**8/6720 + w**7/420 + w**6/120 + w**5/20 - 11*w**4/6 + 24*w. Let y(u) be the third derivative of j(u). Calculate y(7).
-1
Let t(f) = 4*f + 14. Let a be t(-3). Let c(n) = -7*n**2 - 5*n + 1. Let u(z) = 6*z**2 + 4*z - 1. Let k(l) = a*c(l) + 3*u(l). Determine k(1).
5
Let j(h) be the third derivative of -1/120*h**6 + 1/12*h**5 + 0*h - h**2 + 0*h**4 + 0 + 1/2*h**3. Let x be (-7 - -8)*-1*1/2*-10. Calculate j(x).
3
Let t(z) be the third derivative of 0 + 0*z + 1/120*z**6 - 2/3*z**3 - 1/1